se 5*s - 5*t + 6*t - 735 = 0, -s + 147 = -4*t. Suppose 4*a - 385 = s. What is the units digit of a?
3
Let q = 893 - 318. What is the hundreds digit of q?
5
Let q(z) = z**2 - 3*z. Let o be q(4). What is the units digit of (o - (-8)/(-4))/1?
2
Let u = -753 - -1534. What is the units digit of u?
1
Let b be 2 - (-2)/(-2 - -1). Suppose 3*t + 2*z + b*z = -178, -3*t + 2*z - 182 = 0. Let c = -33 - t. What is the units digit of c?
7
Let t = -26 - -38. Let b = -7 + t. What is the units digit of b?
5
Let t be 140/3*6/5. Suppose 5*v + 84 = -86. Let g = t + v. What is the tens digit of g?
2
Suppose -10*y + 5*z + 4235 = -5*y, 0 = -y - 4*z + 822. What is the units digit of y?
2
Suppose -4*l - 18 = -1378. What is the hundreds digit of l?
3
Let g be (-3)/(-12) - (1 + (-92)/16). Suppose 2*h + 4*t = 342, -g*t = 3*h - 4*h + 171. What is the units digit of h?
1
Let s = -188 + 377. Suppose 4*b - s = b. What is the units digit of b?
3
Suppose -3*l = -2*q + 903, 0*q - 4*l = 3*q - 1312. Suppose 3*n = q - 9. What is the tens digit of n?
4
Suppose 14*u = 4*u + 540. Suppose -56*z + 406 = -u*z. What is the units digit of z?
3
Let q be (-4575)/5*(-2)/6. Let m = q + -161. What is the tens digit of m?
4
Suppose -5*v - 87 = -32. Let w(c) = -c**2 - 9*c + 23. What is the units digit of w(v)?
1
Let v be 2 + -44 + (4 - 6). Suppose 5*h - 5*x = 340, -2*x = 4*h - 265 - 13. Let q = v + h. What is the units digit of q?
5
Let i be (-1)/(-2 - (-105)/53). Suppose 0 = -5*q + r + 265, -3*q + 89 = -4*r - i. Let c = q + -33. What is the units digit of c?
1
Suppose -2*z = -2*y - 4526, -4*z + 8220 + 831 = -3*y. What is the units digit of z?
2
Let d = -1640 + 2868. What is the hundreds digit of d?
2
What is the units digit of 1537*(7 + 24/(-4))?
7
Let u(g) = g + 1. Let m be u(5). Suppose o + 2*n = -8, -m*n - 27 = -o - n. Suppose -o*b = b - 9. What is the units digit of b?
3
Suppose 0 = 2*t - 4 + 10. What is the units digit of 4*-1 + (32 - t)?
1
Let c be 2 - -1*(5 - (15 - -1)). Let y(p) = p**3 + 11*p**2 - 3*p + 5. Let w(s) = s**2 - 1. Let o(l) = 3*w(l) - y(l). What is the units digit of o(c)?
6
Let y = -60 + 35. Let s be 5/y + (-2)/(-10). Suppose -k = -s*k - 12. What is the units digit of k?
2
Suppose -5*h + 10 = -5*s, h = 2*h - 2*s - 4. Suppose -4*j - 155 + 551 = h. What is the tens digit of j?
9
Suppose -7*f = -6*f + 188. Let y = 346 + f. What is the tens digit of y?
5
Let m(o) = 9*o - 3. Let a be m(1). Suppose -5*r + 4*i + 572 = 0, -3*i = 3*r - a*i - 345. What is the units digit of r?
2
Let b = 25 - 30. Let g(l) = l**3 + 2*l**2 + l - 1. Let r be g(b). Let w = -49 - r. What is the tens digit of w?
3
Suppose -226 = -11*r + 7540. What is the hundreds digit of r?
7
Let s(u) = u**2 - u. Let x be s(1). Suppose -3 = -i - x*i. Suppose -33 = -2*c - 3*z + 30, -2*c + i*z + 33 = 0. What is the tens digit of c?
2
Let b(n) = -2*n + 6. Let q be b(6). Let a be 257/7 - q/21. Suppose 2*j + 2*l = 6*l + 44, l - a = -j. What is the units digit of j?
2
Let v = 2006 + -1305. What is the hundreds digit of v?
7
Let t(x) = 2*x**2 + 21*x + 49. What is the hundreds digit of t(-19)?
3
Suppose -11 - 31 = -6*f. Let z(h) = 4*h**2 - 2*h + 6. What is the units digit of z(f)?
8
Suppose -j = -19 - 1. Suppose 0 = -5*w + 3*g + 12, 0*g - 5*g = 4*w + j. Suppose -4*a = m + 10 - 76, w = -5*a + 2*m + 76. What is the units digit of a?
6
Suppose 0 = -q + 133 + 113. What is the units digit of 8 + -10 + q/3?
0
Suppose -4*j + 2*x + 1160 = 0, 0 = j + x - 114 - 179. What is the tens digit of j?
9
Let r be (-2)/6 + 150/45. Suppose -3*x + r - 1 = 2*s, -2*x + 13 = 3*s. What is the units digit of s?
7
Let g = -7 + 8. Suppose -5*a - 166 + 1 = 0. What is the units digit of (a + g + 3)/(-1)?
9
Suppose 3*z - 2 = -56. Let l(u) = -u**3 - 17*u**2 + 18*u - 5. Let j be l(z). What is the tens digit of j/(-25) + 688/10?
6
Let s(t) = 20*t**2 - 12*t + 10. What is the units digit of s(5)?
0
Suppose 1174 + 94628 = 21*n. What is the units digit of n?
2
Let m(f) = 5*f**3 - 4*f**2 + 51. What is the units digit of m(7)?
0
Let i(n) = -6*n**3 + 4*n**2 - 4*n - 26. What is the hundreds digit of i(-5)?
8
Suppose -4*t + 1045 = 113. What is the units digit of t?
3
What is the units digit of 14402/42 + (-66)/(-693)?
3
Suppose 12 = -4*b + 8*b. Let n(s) = 4*s - 2 + s**2 + s**b + 2*s**2 - 6*s**2. What is the units digit of n(3)?
0
Let s(r) = -r**3 + 6*r**2 - 5*r + 6. Let x be s(4). Let j = 4 + x. What is the tens digit of j?
2
Let v = -5 + 403. Suppose -2*c + 230 = 5*z, -v = -5*c - 5*z + 207. Let u = -73 + c. What is the tens digit of u?
5
Suppose -d = -2*r + 7, -2*d - 6 = -0*r - 2*r. Let m(n) = 90*n - 7. What is the units digit of m(d)?
3
Suppose 2*u - 2*b + 105 = 433, u = 2*b + 165. What is the tens digit of u?
6
Let q = 22 - 16. Let l be 1*-4*q/12. What is the tens digit of (l + 4 - 32)*-1?
3
Let d(j) be the third derivative of 17*j**9/60480 - j**8/20160 - j**5/30 - 2*j**2. Let b(k) be the third derivative of d(k). What is the tens digit of b(1)?
1
Suppose -6*o = -7269 - 17325. What is the tens digit of o?
9
Suppose 22314 = 57*y - 46143. What is the tens digit of y?
0
Suppose -c - 11 + 48 = 0. Let f = 76 - c. What is the units digit of f?
9
Let a(z) = 17*z**2 - 33*z - 321. What is the tens digit of a(-14)?
7
Let h(u) = 0*u**2 + u**2 - 6*u + 9 - u. Let y be 8/(-16) - 19/(-2). What is the units digit of h(y)?
7
Let u be 3*2/(18/321). Suppose -3*y = 2*n - u - 71, -5*n = 4*y - 235. What is the units digit of y?
0
Suppose -9*v = -7847 - 19774. What is the thousands digit of v?
3
Suppose -128816 = -56*q - 4608. What is the thousands digit of q?
2
Let z(g) = 2*g**2 - 9*g + 96. Let l(k) = k**2 - 5*k + 48. Let s(v) = 9*l(v) - 4*z(v). What is the tens digit of s(14)?
1
Suppose -4*k + 5 = -5*g - 4, -g - 5 = 0. Suppose -5*n = -5*r - 11*n - 42, -n - 2 = 0. What is the tens digit of (320/48)/(k/r)?
1
Let d(o) = -o - 4. Let y be d(-7). Let m be (y*4)/((-33)/(-440)). Suppose 4*q = -0*b - 4*b + m, -5*q = -2*b + 94. What is the tens digit of b?
4
Suppose -31 = 12*a - 139. Let y(o) = 16*o - 62. What is the tens digit of y(a)?
8
Suppose -3*h + 4*o = -2*h - 11, 2*h - o = 15. Suppose -h*i = -2*i - 10. Suppose 2*v = 3*a - 31, -i*a = -0*a + v - 23. What is the tens digit of a?
1
What is the units digit of (-2)/16 - 655936/(-512)?
1
Suppose 0 = -2*t + 4*t - 4. Let c(q) = -q**2 + 1. Let l(f) = 4*f**2 + 3*f - 3. Let a(b) = 2*c(b) + l(b). What is the tens digit of a(t)?
1
Suppose -2*x = 3*k + 10, 0 = -5*k + 8*k + 4*x + 2. Let q(u) = u**2 + u**2 - 14 - u**2 + u. What is the units digit of q(k)?
6
Let z = 1294 + -1278. What is the tens digit of z?
1
Let a(v) = 6*v + 52. Let g be a(-12). Suppose -j + 5*y = 12, -3*j - 2*y = -0 + 2. What is the tens digit of (g/30)/(j/99)?
3
Suppose 3*n - 45 = -3*b, 3*b + 4*n = -2*b + 75. Let w = b - 15. Let o = w + 3. What is the units digit of o?
3
Let o = -18 + 24. Let f(t) = 2 + o + 16 + 4*t. What is the tens digit of f(7)?
5
Let p = -1645 + 2234. What is the tens digit of p?
8
Let k(j) = 4*j**2 - j. Let m be k(-1). Suppose -5*d + 13 = b, b - 11 = d - m*d. Suppose 84 = 4*q + 4*c, b*q - 3*c - c = 56. What is the units digit of q?
0
Suppose -7 = -4*d + 9. Let n be 135/20 + 1/d. Suppose 9 + n = 4*w. What is the units digit of w?
4
Let c(v) = -v**2 - 5*v + 7. Suppose -4*a + 27 = w + 2*w, 5*w + a - 28 = 0. Let m be (w - -4)/((-6)/4). What is the units digit of c(m)?
1
Let g = -38 - -12. Let x = g + 30. Suppose -5*q = -3*w + 186, 2*w - 248 = -2*w + x*q. What is the units digit of w?
2
Let o = 8 - 3. Suppose -3*d + 0*r + 581 = -r, r = o*d - 967. What is the hundreds digit of d?
1
What is the thousands digit of (-2 - 2) + 3 - (-4102 - -13)?
4
Let s = 36 - 32. Suppose -s*j + 82 = v, 0*v - 146 = -2*v - 2*j. What is the units digit of v?
0
Let i = 37 - 29. Let t(r) = -r**2 + 10*r + 4. Let f be t(i). Suppose -4*n + 40 = -y - 2*y, y = -2*n + f. What is the units digit of n?
0
Let x(o) = -o**3 - 8*o**2 - 13*o + 7. Suppose 20 = -3*d - 1. What is the units digit of x(d)?
9
What is the tens digit of (-58)/(-377) - 2130/(-13)?
6
Let d(s) = 2*s + 4. Let l be d(-5). Suppose 2*n - 2*w = -0 - 6, 2*w = -2*n + 10. What is the units digit of l/((1 + -2)*n)?
6
Suppose 4*h = 7*h - 9. Suppose -5*d - h*a - 2*a + 20 = 0, 3*a = 2*d + 7. Suppose c - d = 10. What is the units digit of c?
1
Let 